{"id":180,"date":"2015-05-07T12:01:55","date_gmt":"2015-05-07T11:01:55","guid":{"rendered":"http:\/\/qxdaqbt.preview.sharedbox.com\/ciad\/?page_id=180"},"modified":"2026-01-30T16:43:50","modified_gmt":"2026-01-30T14:43:50","slug":"informations","status":"publish","type":"page","link":"https:\/\/www.ciad.ch\/ciad\/informations\/","title":{"rendered":"Informations"},"content":{"rendered":"<div id=\"pl-180\"  class=\"panel-layout\" ><div id=\"pg-180-0\"  class=\"panel-grid panel-no-style\" ><div id=\"pgc-180-0-0\"  class=\"panel-grid-cell\" ><div id=\"panel-180-0-0-0\" class=\"so-panel widget widget_circleicon-widget panel-first-child panel-last-child\" data-index=\"0\" >\t\t<div class=\"circle-icon-box circle-icon-position-top circle-icon-hide-box circle-icon-size-medium\">\n\t\t\t<div class=\"circle-icon-wrapper\">\n\t\t\t\t<a href=\"https:\/\/docs.ciad.ch\/proconcept\" class=\"link-icon\" >\t\t\t\t<div class=\"circle-icon icon-style-set\" style=\"background-color: #C1272D\">\n\t\t\t\t\t<div class=\"fa fa-database icon-color-set\" ><\/div>\t\t\t\t<\/div>\n\t\t\t\t<\/a>\t\t\t<\/div>\n\n\t\t\t<a href=\"https:\/\/docs.ciad.ch\/proconcept\" class=\"link-title\" >\t\t\t<h4 >ProConcept ERP<\/h4>\t\t\t<\/a>\n\t\t\t\t\t\t\t\t\t\t<a href=\"https:\/\/docs.ciad.ch\/proconcept\" class=\"more-button\" >Aller \u00e0 l&#039;espace clients <i><\/i><\/a>\n\t\t\t\t\t<\/div>\n\t\t<\/div><\/div><div id=\"pgc-180-0-1\"  class=\"panel-grid-cell\" ><div id=\"panel-180-0-1-0\" class=\"so-panel widget widget_circleicon-widget panel-first-child panel-last-child\" data-index=\"1\" >\t\t<div class=\"circle-icon-box circle-icon-position-top circle-icon-hide-box circle-icon-size-medium\">\n\t\t\t<div class=\"circle-icon-wrapper\">\n\t\t\t\t<a href=\"https:\/\/docs.ciad.ch\/eivs\/docs\" class=\"link-icon\" >\t\t\t\t<div class=\"circle-icon icon-style-set\" style=\"background-color: #C1272D\">\n\t\t\t\t\t<div class=\"fa fa-exchange icon-color-set\" ><\/div>\t\t\t\t<\/div>\n\t\t\t\t<\/a>\t\t\t<\/div>\n\n\t\t\t<a href=\"https:\/\/docs.ciad.ch\/eivs\/docs\" class=\"link-title\" >\t\t\t<h4 >Echange eIVS<\/h4>\t\t\t<\/a>\n\t\t\t\t\t\t\t\t\t\t<a href=\"https:\/\/docs.ciad.ch\/eivs\/docs\" class=\"more-button\" >Aller \u00e0 l&#039;espace clients <i><\/i><\/a>\n\t\t\t\t\t<\/div>\n\t\t<\/div><\/div><div id=\"pgc-180-0-2\"  class=\"panel-grid-cell\" ><div id=\"panel-180-0-2-0\" class=\"so-panel widget widget_circleicon-widget panel-first-child panel-last-child\" data-index=\"2\" >\t\t<div class=\"circle-icon-box circle-icon-position-top circle-icon-hide-box circle-icon-size-medium\">\n\t\t\t<div class=\"circle-icon-wrapper\">\n\t\t\t\t<a href=\"https:\/\/docs.ciad.ch\/dgej\" class=\"link-icon\" >\t\t\t\t<div class=\"circle-icon icon-style-set\" style=\"background-color: #C1272D\">\n\t\t\t\t\t<div class=\"fa fa-money icon-color-set\" ><\/div>\t\t\t\t<\/div>\n\t\t\t\t<\/a>\t\t\t<\/div>\n\n\t\t\t<a href=\"https:\/\/docs.ciad.ch\/dgej\" class=\"link-title\" >\t\t\t<h4 >Espace DGEJ<\/h4>\t\t\t<\/a>\n\t\t\t\t\t\t\t\t\t\t<a href=\"https:\/\/docs.ciad.ch\/dgej\" class=\"more-button\" >Aller \u00e0 l&#039;espace clients <i><\/i><\/a>\n\t\t\t\t\t<\/div>\n\t\t<\/div><\/div><\/div><div id=\"pg-180-1\"  class=\"panel-grid panel-no-style\" ><div id=\"pgc-180-1-0\"  class=\"panel-grid-cell\" ><div id=\"panel-180-1-0-0\" class=\"so-panel widget widget_circleicon-widget panel-first-child panel-last-child\" data-index=\"3\" >\t\t<div class=\"circle-icon-box circle-icon-position-top circle-icon-hide-box circle-icon-size-medium\">\n\t\t\t<div class=\"circle-icon-wrapper\">\n\t\t\t\t\t\t\t\t<div class=\"circle-icon icon-style-set\" style=\"background-color: #C1272D\">\n\t\t\t\t\t<div class=\"fa fa-question icon-color-set\" ><\/div>\t\t\t\t<\/div>\n\t\t\t\t\t\t\t<\/div>\n\n\t\t\t\t\t\t<h4 >Besoin de formation ProConcept<\/h4>\t\t\t\n\t\t\t<p class=\"text\" >Contacter le support CIAD<\/p>\t\t\t\t\t<\/div>\n\t\t<\/div><\/div><div id=\"pgc-180-1-1\"  class=\"panel-grid-cell panel-grid-cell-mobile-last\" ><div id=\"panel-180-1-1-0\" class=\"so-panel widget widget_circleicon-widget panel-first-child panel-last-child\" data-index=\"4\" >\t\t<div class=\"circle-icon-box circle-icon-position-top circle-icon-hide-box circle-icon-size-medium\">\n\t\t\t<div class=\"circle-icon-wrapper\">\n\t\t\t\t<a href=\"\/ciad\/category\/informations\/general\/\" class=\"link-icon\" >\t\t\t\t<div class=\"circle-icon icon-style-set\" style=\"background-color: #C1272D\">\n\t\t\t\t\t<div class=\"fa fa-info icon-color-set\" ><\/div>\t\t\t\t<\/div>\n\t\t\t\t<\/a>\t\t\t<\/div>\n\n\t\t\t<a href=\"\/ciad\/category\/informations\/general\/\" class=\"link-title\" >\t\t\t<h4 >G\u00e9n\u00e9rale<\/h4>\t\t\t<\/a>\n\t\t\t\t\t\t\t\t\t\t<a href=\"\/ciad\/category\/informations\/general\/\" class=\"more-button\" >Aller aux t\u00e9l\u00e9chargements <i><\/i><\/a>\n\t\t\t\t\t<\/div>\n\t\t<\/div><\/div><div id=\"pgc-180-1-2\"  class=\"panel-grid-cell panel-grid-cell-empty\" ><\/div><\/div><\/div>","protected":false},"excerpt":{"rendered":"<p>ProConcept ERP Aller \u00e0 l&#039;espace clients Echange eIVS Aller \u00e0 l&#039;espace clients Espace DGEJ Aller \u00e0 l&#039;espace clients Besoin de formation ProConcept Contacter le support CIAD G\u00e9n\u00e9rale Aller aux t\u00e9l\u00e9chargements<\/p>\n","protected":false},"author":1,"featured_media":0,"parent":0,"menu_order":0,"comment_status":"closed","ping_status":"closed","template":"templates\/template-full-notitle.php","meta":{"footnotes":""},"class_list":["post-180","page","type-page","status-publish","hentry","post"],"_links":{"self":[{"href":"https:\/\/www.ciad.ch\/ciad\/wp-json\/wp\/v2\/pages\/180","targetHints":{"allow":["GET"]}}],"collection":[{"href":"https:\/\/www.ciad.ch\/ciad\/wp-json\/wp\/v2\/pages"}],"about":[{"href":"https:\/\/www.ciad.ch\/ciad\/wp-json\/wp\/v2\/types\/page"}],"author":[{"embeddable":true,"href":"https:\/\/www.ciad.ch\/ciad\/wp-json\/wp\/v2\/users\/1"}],"replies":[{"embeddable":true,"href":"https:\/\/www.ciad.ch\/ciad\/wp-json\/wp\/v2\/comments?post=180"}],"version-history":[{"count":102,"href":"https:\/\/www.ciad.ch\/ciad\/wp-json\/wp\/v2\/pages\/180\/revisions"}],"predecessor-version":[{"id":5301,"href":"https:\/\/www.ciad.ch\/ciad\/wp-json\/wp\/v2\/pages\/180\/revisions\/5301"}],"wp:attachment":[{"href":"https:\/\/www.ciad.ch\/ciad\/wp-json\/wp\/v2\/media?parent=180"}],"curies":[{"name":"wp","href":"https:\/\/api.w.org\/{rel}","templated":true}]}}