{"id":431,"date":"2015-05-08T12:46:19","date_gmt":"2015-05-08T11:46:19","guid":{"rendered":"http:\/\/qxdaqbt.preview.sharedbox.com\/ciad\/?page_id=431"},"modified":"2025-11-11T12:13:00","modified_gmt":"2025-11-11T10:13:00","slug":"nos-services","status":"publish","type":"page","link":"https:\/\/www.ciad.ch\/ciad\/nos-services\/","title":{"rendered":"Nos services"},"content":{"rendered":"<h2>Services Cloud priv\u00e9<\/h2>\n<ul>\n<li>Service de messagerie Exchange\/Outlook<\/li>\n<li>Outil collaboratif Sharepoint\/Rosalie<\/li>\n<li>Sauvegarde \u00e0 distance dans notre Datacenter<\/li>\n<li>Profitez des avantages du cloud dans un contexte compl\u00e9tement maitris\u00e9<\/li>\n<li>Mis en place et g\u00e9r\u00e9 par nos sp\u00e9cialistes<\/li>\n<li>100% h\u00e9berg\u00e9 sur nos serveurs en Suisse<\/li>\n<\/ul>\n<h2>Solution ERP enti\u00e8rement param\u00e9tr\u00e9e<\/h2>\n<ul>\n<li>G\u00e9rez vos travaux de comptabilit\u00e9\/facturation\/salaire dans un outil sur mesure et r\u00e9pondant aux exigences de l&rsquo;Etat et de l&rsquo;AVOP<\/li>\n<li>Mise \u00e0 jour r\u00e9guli\u00e8re du logiciel et des configurations pour r\u00e9pondre aux nouvelles exigences, CCT etc&#8230;<\/li>\n<li>Support utilisateur par notre \u00e9quipe de sp\u00e9cialiste<\/li>\n<\/ul>\n<h2>Surveillance de votre parc informatique<\/h2>\n<ul>\n<li>Monitoring proactif des serveurs et des diff\u00e9rents \u00e9quipements du r\u00e9seau<\/li>\n<li>Contr\u00f4le r\u00e9gulier des sauvegardes de donn\u00e9es<\/li>\n<li>Gestion des antivirus et de la s\u00e9curit\u00e9<\/li>\n<\/ul>\n<h2>Support utilisateurs<\/h2>\n<ul>\n<li>Support t\u00e9l\u00e9phonique de 8h00 \u00e0 12h00 et de 13h30 \u00e0 17h par une \u00e9quipe de sp\u00e9cialistes<\/li>\n<li>Prise de contr\u00f4le \u00e0 distance sur les postes de travail et les diff\u00e9rents \u00e9quipements du r\u00e9seau<\/li>\n<li>Portail de gestion accessible 24h\/24h<\/li>\n<\/ul>\n","protected":false},"excerpt":{"rendered":"<p>Services Cloud priv\u00e9 Service de messagerie Exchange\/Outlook Outil collaboratif Sharepoint\/Rosalie Sauvegarde \u00e0 distance dans notre Datacenter Profitez des avantages du cloud dans un contexte compl\u00e9tement maitris\u00e9 Mis en place et g\u00e9r\u00e9 par nos sp\u00e9cialistes 100% h\u00e9berg\u00e9 sur nos serveurs en Suisse Solution ERP enti\u00e8rement param\u00e9tr\u00e9e G\u00e9rez vos travaux de comptabilit\u00e9\/facturation\/salaire dans un outil sur mesure [&hellip;]<\/p>\n","protected":false},"author":1,"featured_media":0,"parent":0,"menu_order":0,"comment_status":"closed","ping_status":"closed","template":"templates\/template-full.php","meta":{"footnotes":""},"class_list":["post-431","page","type-page","status-publish","hentry","post"],"_links":{"self":[{"href":"https:\/\/www.ciad.ch\/ciad\/wp-json\/wp\/v2\/pages\/431","targetHints":{"allow":["GET"]}}],"collection":[{"href":"https:\/\/www.ciad.ch\/ciad\/wp-json\/wp\/v2\/pages"}],"about":[{"href":"https:\/\/www.ciad.ch\/ciad\/wp-json\/wp\/v2\/types\/page"}],"author":[{"embeddable":true,"href":"https:\/\/www.ciad.ch\/ciad\/wp-json\/wp\/v2\/users\/1"}],"replies":[{"embeddable":true,"href":"https:\/\/www.ciad.ch\/ciad\/wp-json\/wp\/v2\/comments?post=431"}],"version-history":[{"count":5,"href":"https:\/\/www.ciad.ch\/ciad\/wp-json\/wp\/v2\/pages\/431\/revisions"}],"predecessor-version":[{"id":5279,"href":"https:\/\/www.ciad.ch\/ciad\/wp-json\/wp\/v2\/pages\/431\/revisions\/5279"}],"wp:attachment":[{"href":"https:\/\/www.ciad.ch\/ciad\/wp-json\/wp\/v2\/media?parent=431"}],"curies":[{"name":"wp","href":"https:\/\/api.w.org\/{rel}","templated":true}]}}